6922?
4829
Calculate the greatest common factor of 38632 and 251064.
88
Calculate the greatest common factor of 25542 and 13336708.
946
What is the highest common factor of 46546 and 1982608?
1258
Calculate the highest common factor of 1247724 and 2997.
81
Calculate the greatest common factor of 251 and 115345042.
251
What is the highest common factor of 6 and 21594732?
6
Calculate the highest common divisor of 1507850 and 1100.
50
Calculate the highest common divisor of 34675485 and 195.
195
What is the highest common divisor of 263235 and 99735?
1635
What is the highest common divisor of 559454 and 45479?
623
What is the greatest common divisor of 7352544 and 237968?
2224
What is the greatest common divisor of 7015 and 5921005?
115
What is the greatest common divisor of 2066358194 and 34?
34
What is the greatest common factor of 2064 and 329550753?
129
What is the highest common divisor of 627 and 4415847?
57
What is the highest common divisor of 27294 and 951914642?
9098
What is the highest common factor of 12237 and 246?
3
Calculate the greatest common factor of 3015500 and 17930.
1630
Calculate the highest common factor of 54 and 224807094.
18
What is the highest common factor of 2508 and 821484?
228
What is the highest common factor of 4155 and 254090715?
4155
What is the greatest common divisor of 15277124 and 2172?
724
What is the greatest common factor of 5895 and 102825?
45
What is the greatest common divisor of 11043885 and 60?
15
What is the highest common factor of 1476180 and 3820?
20
What is the highest common factor of 19255800 and 520?
40
What is the greatest common divisor of 4589894 and 203182?
1262
What is the highest common factor of 905264 and 543344?
464
What is the greatest common divisor of 166178040 and 840?
840
What is the highest common divisor of 2094730 and 47955?
695
Calculate the greatest common factor of 8077509 and 297.
297
What is the greatest common factor of 3658468 and 5137?
11
Calculate the highest common divisor of 4 and 35313048.
4
Calculate the highest common factor of 11708835 and 146.
73
Calculate the highest common factor of 5464496 and 93688.
1912
Calculate the highest common factor of 70 and 66888927.
7
Calculate the greatest common divisor of 64338969 and 354.
177
What is the greatest common divisor of 91910 and 1603476?
1414
Calculate the highest common divisor of 13990 and 551206.
2798
What is the greatest common factor of 47530 and 28061130?
970
Calculate the greatest common factor of 52974 and 3782082.
654
What is the greatest common factor of 120 and 1098073480?
40
Calculate the greatest common divisor of 50935 and 68930.
305
What is the highest common factor of 8652 and 532098?
4326
What is the greatest common divisor of 92 and 12614258?
46
What is the greatest common factor of 10642 and 52190?
34
What is the greatest common factor of 182345219 and 69?
23
Calculate the highest common factor of 1896 and 370248.
24
What is the greatest common divisor of 1971167 and 5644?
1411
What is the greatest common factor of 67342804 and 88596?
9844
Calculate the highest common factor of 126 and 48991086.
18
What is the highest common divisor of 546 and 97907446?
182
What is the highest common factor of 108 and 1771173?
27
What is the greatest common divisor of 541 and 16904627?
541
Calculate the greatest common factor of 1847151 and 3959.
37
Calculate the highest common divisor of 6137863 and 4537.
349
What is the greatest common divisor of 9856 and 3788672?
128
Calculate the highest common divisor of 20046 and 292.
2
Calculate the greatest common factor of 5822804 and 68.
4
Calculate the greatest common factor of 183702555 and 2115.
2115
Calculate the highest common factor of 11142 and 19314.
18
What is the greatest common divisor of 12283224 and 144?
24
What is the highest common factor of 8436051 and 18?
9
Calculate the highest common factor of 24 and 13145892.
12
What is the highest common divisor of 25995 and 1379286035?
8665
What is the highest common factor of 78676956 and 12?
12
Calculate the highest common divisor of 6648 and 84838452.
3324
What is the highest common divisor of 40 and 88033030?
10
Calculate the greatest common factor of 12 and 85285368.
12
What is the highest common factor of 6286 and 29257738?
898
Calculate the highest common divisor of 8543164 and 56.
28
What is the highest common divisor of 22797543 and 12?
3
What is the highest common divisor of 1969875 and 7344?
153
Calculate the greatest common factor of 36562437 and 171.
9
What is the highest common factor of 6832 and 142226?
14
Calculate the highest common factor of 956 and 226.
2
What is the greatest common divisor of 12260187 and 779?
19
What is the greatest common factor of 5341507 and 19607?
2801
What is the greatest common factor of 10617185 and 23590?
1685
What is the highest common divisor of 68 and 150043139?
17
Calculate the greatest common divisor of 21585714 and 2188.
1094
Calculate the greatest common factor of 6651900 and 265.
5
What is the highest common factor of 11650 and 833674?
466
What is the greatest common factor of 281576684 and 164?
164
Calculate the greatest common divisor of 6700 and 57216325.
1675
Calculate the highest common factor of 1278 and 118512.
18
What is the highest common divisor of 92092575 and 15525?
1725
Calculate the greatest common factor of 27499307 and 726.
121
Calculate the greatest common factor of 29549 and 2639.
13
Calculate the highest common factor of 288743260 and 78.
26
What is the highest common divisor of 329 and 116274193?
329
Calculate the greatest common divisor of 799043 and 91189.
49
What is the highest common factor of 5988240 and 2880?
720
What is the highest common divisor of 1081835 and 1776015?
305
Calculate the highest common factor of 11925846 and 9.
9
What is the greatest common divisor of 60522 and 17262?
42
What is the greatest common factor of 135676 and 26628?
1268
What is the greatest common divisor of 53910 and 82098?
18
What is the highest common factor of 10404 and 5310664?
1156
Calculate the highest common factor of 172771 and 139621.
17
What is the highest common divisor of 34077 and 298479?
111
What is the highest common divisor of 2147274 and 1278?
18
Calculate the greatest common divisor of 18240 and 20463.
57
What is the highest common factor of 4355 and 240500?
65
What is the greatest common divisor of 252555 and 8405835?
2235
Calculate the highest common divisor of 1277136 and 29664.
144
Calculate the highest common divisor of 6171320 and 1025.
205
What is the greatest common factor of 539 and 551299?
49
Calculate the highest common factor of 6450354 and 7250.
58
Calculate the greatest common divisor of 450802 and 36146.
682
Calculate the greatest common divisor of 135421829 and 18028.
4507
Calculate the highest common factor of 171 and 39031662.
57
Calculate the highest common divisor of 114 and 908538.
6
What is the greatest common factor of 1592 and 889536?
8
What is the greatest common factor of 7000017 and 1023?
93
What is the greatest common factor of 32903 and 90493?
13
Calculate the highest common divisor of 61393 and 2802908.
2117
Calculate the highest common factor of 616564 and 32092.
284
Calculate the highest common factor of 188001 and 160380.
891
What is the greatest common factor of 1431099 and 3879?
9
Calculate the greatest common divisor of 280 and 11198180.
140
Calculate the highest common factor of 402111 and 462213.
1431
What is the greatest common divisor of 1884 and 114306?
6
What is the highest common factor of 38 and 39683381?
19
What is the highest common factor of 60 and 85718740?
20
Calculate the highest common divisor of 17145 and 880745.
635
Calculate the highest common factor of 3075849803 and 13.
13
What is the highest common factor of 61292 and 143528?
308
What is the highest common factor of 1306248 and 134532?
444
What is the greatest common divisor of 25755354 and 18?
18
What is the greatest common factor of 43032200 and 190?
10
Calculate the highest common divisor of 14385270 and 30.
30
Calculate the greatest common factor of 222237 and 15012.
27
Calculate the highest common factor of 468507224 and 16.
8
What is the greatest common factor of 8268 and 722648004?
8268
What is the highest common diviso